9 divide 11850426?
True
Is 731 a factor of 188963500?
True
Does 306 divide 102332214?
True
Does 11 divide 412838176?
False
Does 1466 divide 76730440?
True
Is 394 a factor of 2198914?
True
Is 436266417 a multiple of 15?
False
Is 89641695 a multiple of 55?
True
Does 115 divide 13818624?
False
Does 3554 divide 217374365?
False
Is 31 a factor of 189018873?
True
Is 7 a factor of 7050725?
False
Is 20871240 a multiple of 68?
True
Is 25971454 a multiple of 99?
False
Is 427569 a multiple of 3?
True
Is 35 a factor of 16635640?
True
Is 173 a factor of 264937217?
True
Does 193 divide 102239048?
True
Is 556205897 a multiple of 369?
False
Is 31 a factor of 140203584?
False
Does 73 divide 955922663?
True
Is 39 a factor of 13769769?
True
Is 837 a factor of 37864017?
False
Is 1388 a factor of 234566448?
True
Does 1404 divide 999574992?
True
Is 32718103 a multiple of 1991?
True
Is 6153 a factor of 732335939?
False
Is 60 a factor of 69829860?
True
Is 227745797 a multiple of 356?
False
Is 9 a factor of 2574271467?
True
Is 156091650 a multiple of 110?
True
Is 39872325 a multiple of 15?
True
Does 119 divide 277385720?
False
Does 5 divide 37605540?
True
Is 595 a factor of 59677039?
False
Is 38967811 a multiple of 20?
False
Is 10967565 a multiple of 153?
False
Is 28036481 a multiple of 382?
False
Does 498 divide 152605782?
False
Is 191 a factor of 3926833?
False
Does 17 divide 1327279?
False
Is 9 a factor of 482772168?
True
Does 17 divide 12888924?
True
Does 52 divide 90528152?
True
Does 930 divide 54726780?
True
Is 1680 a factor of 116360160?
True
Is 20578068 a multiple of 666?
True
Does 346 divide 770073934?
False
Does 33 divide 89939322?
True
Is 417465968 a multiple of 211?
False
Is 45682729 a multiple of 19?
False
Is 64 a factor of 620148895?
False
Is 1036847890 a multiple of 2171?
True
Is 39 a factor of 458862554?
False
Is 39 a factor of 714627030?
True
Does 20 divide 12776613?
False
Is 10 a factor of 21086609?
False
Is 167 a factor of 101798691?
True
Is 1203118553 a multiple of 12?
False
Is 23 a factor of 21042861?
True
Is 4880 a factor of 184518740?
False
Does 1981 divide 256939252?
False
Is 671 a factor of 462771254?
True
Does 6797 divide 4463272011?
False
Does 423 divide 38983680?
True
Is 1086 a factor of 31796618?
False
Is 2 a factor of 204262358?
True
Is 10 a factor of 9645349?
False
Is 27969032 a multiple of 4?
True
Is 533878693 a multiple of 17?
True
Is 1427 a factor of 11663284?
False
Is 431 a factor of 17165868?
True
Does 5732 divide 1493019772?
True
Is 16076258 a multiple of 229?
True
Is 562389897 a multiple of 491?
False
Is 731041813 a multiple of 9?
False
Is 1421040015 a multiple of 745?
False
Is 181 a factor of 1833480087?
False
Does 44 divide 1374007888?
True
Is 46266057 a multiple of 431?
False
Is 129 a factor of 2056913256?
True
Is 796 a factor of 26618659?
False
Is 705018540 a multiple of 1380?
True
Is 29152951 a multiple of 326?
False
Does 78 divide 52918866?
True
Is 1760419632 a multiple of 9384?
True
Is 7039269 a multiple of 4?
False
Does 1989 divide 28878291?
True
Is 24 a factor of 89006472?
True
Is 1190074529 a multiple of 2807?
False
Does 14 divide 2862689228?
True
Is 41 a factor of 4972433464?
False
Does 2213 divide 120340523?
False
Is 69424450 a multiple of 10?
True
Does 37 divide 1371147444?
False
Is 74 a factor of 44401036?
True
Does 171 divide 19091736?
False
Is 281677016 a multiple of 122?
True
Does 11 divide 90973795?
True
Is 222058368 a multiple of 192?
True
Does 43 divide 25895640?
False
Is 41198750 a multiple of 115?
True
Is 637 a factor of 24407292?
True
Is 36121614 even?
True
Is 94 a factor of 14635612?
True
Is 43359677 a multiple of 92?
False
Is 3766859994 a multiple of 246?
True
Is 688746764 a multiple of 602?
False
Does 215 divide 161547560?
True
Is 16 a factor of 74390240?
True
Is 86817646 a multiple of 3?
False
Is 36 a factor of 56331373?
False
Is 2697513400 a multiple of 10?
True
Is 1713846002 a multiple of 17?
False
Does 981 divide 47615292?
False
Does 772 divide 143607450?
False
Is 76959924 a multiple of 249?
True
Does 13139 divide 2712184831?
False
Does 33 divide 158505194?
False
Is 31 a factor of 9529586?
True
Is 200416965 a multiple of 105?
True
Is 2015353199 a multiple of 6631?
True
Is 44 a factor of 154533544?
True
Is 4322902934 a multiple of 4898?
False
Does 9 divide 31312971?
True
Does 48 divide 3338736?
True
Is 919 a factor of 1982247159?
True
Is 111 a factor of 13513806?
True
Is 4403 a factor of 1230532828?
True
Is 164 a factor of 187088084?
True
Is 1258725034 a multiple of 6366?
False
Does 892 divide 221785096?
True
Is 24 a factor of 50161296?
True
Is 388840224 a multiple of 5088?
True
Does 8 divide 162421744?
True
Is 228194961 a multiple of 1276?
False
Does 1159 divide 38318858?
True
Does 44 divide 1717036640?
True
Is 33 a factor of 41737535?
False
Is 966 a factor of 119940492?
True
Is 1705956509 a multiple of 130?
False
Is 42 a factor of 73383012?
False
Is 8277654 a multiple of 437?
True
Is 670301894 a multiple of 40?
False
Does 398 divide 430099034?
False
Does 1055 divide 82217057?
False
Is 19141983 a multiple of 143?
False
Is 15 a factor of 4724606?
False
Does 438 divide 16050948?
True
Is 731 a factor of 1839578?
False
Is 14 a factor of 164379215?
False
Is 244 a factor of 187715943?
False
Is 4787 a factor of 654540871?
True
Does 43 divide 348852077?
True
Is 219 a factor of 47912163?
True
Does 1358 divide 369866238?
True
Is 291007130 a multiple of 67?
True
Does 7 divide 16575065?
False
Is 64 a factor of 377223808?
True
Is 811 a factor of 483444399?
True
Is 59 a factor of 61883920?
True
Is 16 a factor of 28564906?
False
Is 270 a factor of 65607740?
False
Is 5210 a factor of 3147267220?
True
Is 447754489 a multiple of 2873?
False
Is 106011609 a multiple of 20?
False
Does 9 divide 12854295?
True
Is 77 a factor of 27519126?
False
Is 3944 a factor of 61881529?
False
Does 3132 divide 620649648?
True
Is 41765840 a multiple of 10?
True
Is 1099911024 a multiple of 8?
True
Is 3850080 a multiple of 20?
True
Is 18294862 a multiple of 481?
False
Is 1739 a factor of 144752621?
True
Is 34 a factor of 235634864?
False
Is 275 a factor of 127273575?
True
Is 14707959 a multiple of 29?
True
Is 15 a factor of 11610752?
False
Is 123362330 a multiple of 1904?
False
Does 529 divide 48700269?
True
Is 22098530 a multiple of 249?
False
Is 17 a factor of 178032517?
True
Is 2 a factor of 809409619?
False
Is 146596423 a multiple of 27?
False
Is 17 a factor of 50636013?
True
Is 620 a factor of 207213377?
False
Is 797508 a multiple of 12?
True
Does 11 divide 2018962?
True
Is 65 a factor of 3858005580?
True
Does 44 divide 1664973?
False
Is 85636257 a multiple of 21?
True
Does 38 divide 16072296?
False
Does 33 divide 109908461?
False
Is 6 a factor of 20556743?
False
Is 58308774 a multiple of 72?
False
Does 381 divide 80891666?
False
Is 344140135 even?
False
Is 80 a factor of 46222340?
False
Does 79 divide 294140933?
False
Does 926 divide 58713956?
True
Does 234 divide 25691482?
False
Is 820 a factor of 50653860?
True
Is 26613744 a multiple of 26?
False
Does 7 divide 5509783?
False
Is 1553981405 a multiple of 284?
False
Is 254496469 a multiple of 24?
False
Does 324 divide 3034593023?
False
Is 1927 a factor of 833076786?
True
Is 970315296 a multiple of 43?
True
Is 469 a factor of 1527967294?
True
Does 48 divide 120012876?
False
Is 371632525 a multiple of 1175?
True
Does 3427 divide 301833025?
True
Is 9 a factor of 58067666?
False
Does 46 divide 45389994?
True
Is 1669360425 a multiple of 31?
False
Does 154 divide 381785969?
False
Is 114722055 a multiple of 125?
False
Is 123156381 a multiple of 1423?
True
Is 470743017 a multiple of 1490?
False
Is 1106 a factor of 28716987?
False
Does 290 divide 143709210?
True
Is 3018329892 a multiple of 12204?
True
Does 17 divide 576338539?
True
Does 351 divide 134093673?
False
Does 357 divide 61316763?
False
Is 212 a factor of 815524136?
False
Does 66 divide 6403122?
True
Is 1497784568 a multiple of 49?
True
Does 7 divide 17590606?
False
Is 75 a factor of 89485050?
True
Is 214 a factor of 236163766?
True
Is 66 a factor of 462898649?
False
Is 2534 a factor of 52940328?
True
Does 160 divide 239638490?
False
Is 11111010 a multiple of 57?
True
Does 4 divide 86517465?
False
Is 733655912 a multiple of 44?
Tru